 prime factors of 646184.
2, 7, 11, 1049
List the prime factors of 1008037.
1008037
List the prime factors of 142958.
2, 71479
What are the prime factors of 248015?
5, 49603
What are the prime factors of 1477877?
19, 77783
List the prime factors of 452046.
2, 3, 7, 47, 229
List the prime factors of 4247935.
5, 849587
List the prime factors of 341247.
3, 113749
List the prime factors of 5339942.
2, 107, 24953
What are the prime factors of 9953980?
2, 5, 41, 61, 199
What are the prime factors of 9511271?
7, 11, 101, 1223
List the prime factors of 5385729.
3, 509, 3527
List the prime factors of 46539.
3, 5171
What are the prime factors of 236134?
2, 37, 3191
What are the prime factors of 126488?
2, 97, 163
What are the prime factors of 8721285?
3, 5, 19, 71, 431
List the prime factors of 170420.
2, 5, 8521
What are the prime factors of 981626?
2, 167, 2939
List the prime factors of 378530.
2, 5, 37853
What are the prime factors of 1036440?
2, 3, 5, 2879
What are the prime factors of 785139?
3, 261713
What are the prime factors of 437214?
2, 3, 72869
What are the prime factors of 689888?
2, 21559
What are the prime factors of 8406349?
7, 61, 19687
What are the prime factors of 247782?
2, 3, 61, 677
What are the prime factors of 2443739?
37, 66047
List the prime factors of 654384.
2, 3, 13633
List the prime factors of 834057.
3, 7, 1471
What are the prime factors of 802559?
31, 25889
List the prime factors of 1723827.
3, 7, 23, 43, 83
List the prime factors of 13822293.
3, 4607431
What are the prime factors of 49934?
2, 24967
What are the prime factors of 1494371?
1494371
List the prime factors of 9310846.
2, 661, 7043
List the prime factors of 77808.
2, 3, 1621
List the prime factors of 1834470.
2, 3, 5, 11, 17, 109
List the prime factors of 4520803.
7, 19, 1789
What are the prime factors of 27682?
2, 13841
List the prime factors of 215267.
13, 29, 571
List the prime factors of 1059978.
2, 3, 23, 7681
What are the prime factors of 371428?
2, 92857
What are the prime factors of 3780406?
2, 7, 270029
List the prime factors of 30186248.
2, 3773281
What are the prime factors of 1333065?
3, 5, 181, 491
What are the prime factors of 5900133?
3, 139, 14149
What are the prime factors of 561892?
2, 140473
What are the prime factors of 367828?
2, 91957
List the prime factors of 3033165.
3, 5, 433, 467
What are the prime factors of 854759?
223, 3833
List the prime factors of 428895.
3, 5, 353
List the prime factors of 785840.
2, 5, 11, 19, 47
List the prime factors of 685764.
2, 3, 43, 443
List the prime factors of 896054.
2, 448027
What are the prime factors of 1429024?
2, 44657
What are the prime factors of 106304?
2, 11, 151
What are the prime factors of 635270?
2, 5, 63527
List the prime factors of 72170.
2, 5, 7, 1031
What are the prime factors of 25676?
2, 7, 131
List the prime factors of 443626.
2, 221813
List the prime factors of 4305179.
4305179
List the prime factors of 172681.
172681
What are the prime factors of 6203695?
5, 1240739
What are the prime factors of 105941?
11, 9631
List the prime factors of 276809.
13, 107, 199
List the prime factors of 2256782.
2, 11, 19, 5399
List the prime factors of 11341544.
2, 1417693
List the prime factors of 212859.
3, 67, 353
List the prime factors of 707749.
7, 101107
List the prime factors of 674356.
2, 17, 47, 211
What are the prime factors of 11113612?
2, 29, 149, 643
List the prime factors of 3203925.
3, 5, 42719
What are the prime factors of 7823059?
23, 139, 2447
What are the prime factors of 1086336?
2, 3, 23, 41
What are the prime factors of 7177711?
7177711
List the prime factors of 523879.
167, 3137
What are the prime factors of 28557734?
2, 14278867
List the prime factors of 89016.
2, 3, 3709
List the prime factors of 679426.
2, 11, 89, 347
What are the prime factors of 150183?
3, 11, 37, 41
List the prime factors of 3327311.
13, 255947
What are the prime factors of 1196837?
1196837
List the prime factors of 3969503.
3969503
What are the prime factors of 1101134?
2, 313, 1759
List the prime factors of 8900408.
2, 11, 101141
What are the prime factors of 5607483?
3, 7, 257, 1039
What are the prime factors of 6526168?
2, 11, 74161
List the prime factors of 128185.
5, 31, 827
What are the prime factors of 9144324?
2, 3, 7, 131, 277
What are the prime factors of 4672297?
7, 17, 71, 79
What are the prime factors of 4776963?
3, 1592321
What are the prime factors of 618525?
3, 5, 2749
List the prime factors of 124286.
2, 62143
List the prime factors of 751770.
2, 3, 5, 8353
List the prime factors of 4486908.
2, 3, 373909
What are the prime factors of 10091353?
17, 599, 991
List the prime factors of 10016119.
43, 109, 2137
List the prime factors of 1867342.
2, 933671
List the prime factors of 536339.
43, 12473
What are the prime factors of 10240425?
3, 5, 13, 389
What are the prime factors of 141175?
5, 5647
List the prime factors of 1624329.
3, 7, 19, 23, 59
What are the prime factors of 11363893?
11363893
What are the prime factors of 582172?
2, 145543
What are the prime factors of 983362?
2, 53, 9277
What are the prime factors of 451496?
2, 56437
What are the prime factors of 6248198?
2, 11, 25819
What are the prime factors of 118589?
118589
What are the prime factors of 2163264?
2, 3, 19, 593
List the prime factors of 71861.
71861
What are the prime factors of 187273?
187273
List the prime factors of 8252759.
8252759
List the prime factors of 1053270.
2, 3, 5, 47, 83
List the prime factors of 817590.
2, 3, 5, 27253
List the prime factors of 9733397.
53, 103, 1783
What are the prime factors of 2488963?
2488963
What are the prime factors of 236365?
5, 41, 1153
List the prime factors of 2301407.
2301407
What are the prime factors of 3913101?
3, 131, 3319
What are the prime factors of 6521156?
2, 47, 34687
What are the prime factors of 49066?
2, 24533
What are the prime factors of 7455?
3, 5, 7, 71
What are the prime factors of 2613876?
2, 3, 217823
List the prime factors of 3219719.
1009, 3191
What are the prime factors of 4618979?
4618979
What are the prime factors of 770595?
3, 5, 7, 41, 179
What are the prime factors of 1141197?
3, 19, 20021
List the prime factors of 8676073.
7, 83, 109, 137
What are the prime factors of 19542110?
2, 5, 7, 279173
What are the prime factors of 368977?
7, 52711
What are the prime factors of 605626?
2, 7, 181, 239
What are the prime factors of 3851285?
5, 31, 24847
What are the prime factors of 6171723?
3, 685747
List the prime factors of 61714.
2, 59, 523
List the prime factors of 6616416.
2, 3, 41
What are the prime factors of 3816962?
2, 109, 17509
List the prime factors of 17336258.
2, 29, 499, 599
What are the prime factors of 9309242?
2, 43, 108247
What are the prime factors of 341742?
2, 3, 56957
What are the prime factors of 2166365?
5, 283, 1531
List the prime factors of 1029322.
2, 7, 73523
What are the prime factors of 1533487?
1533487
What are the prime factors of 12352003?
401, 30803
What are the prime factors of 7752166?
2, 37, 104759
What are the prime factors of 1092772?
2, 273193
What are the prime factors of 14026861?
1783, 7867
List the prime factors of 5942113.
5942113
What are the prime factors of 1556764?
2, 11, 35381
List the prime factors of 8105.
5, 1621
What are the prime factors of 3753612?
2, 3, 127, 821
What are the prime factors of 3561071?
3561071
What are the prime factors of 38970587?
38970587
What are the prime factors of 3909055?
5, 29, 26959
What are the prime factors of 516667?
19, 71, 383
List the prime factors of 1671207.
3, 557069
List the prime factors of 1260033.
3, 263, 1597
What are the prime factors of 771123?
3, 401, 641
What are the prime factors of 11343158?
2, 5671579
List the prime factors of 51846.
2, 3, 8641
List the prime factors of 1286785.
5, 41, 6277
What are the prime factors of 15572687?
13, 229, 5231
What are the prime factors of 11732824?
2, 1466603
List the prime factors of 169097.
169097
What are the prime factors of 47854?
2, 71, 337
List the prime factors of 8546934.
2, 3, 11, 129499
What are the prime factors of 600038?
2, 89, 3371
List the prime factors of 1278654.
2, 3, 13, 97
What are the prime factors of 12483201?
3, 43, 96769
List the prime factors of 335188.
2, 7, 11971
What are the prime factor